2*a + 2*a, -3*a - n + 119 = 0. Does 20 divide a?
True
Suppose -z = z - 244. Suppose -3*d + 103 = 4*g - 22, -4*g - 2*d = -z. Is g a multiple of 10?
False
Suppose 5*h = 16 - 6. Suppose 60 = -h*i + 164. Is i a multiple of 26?
True
Let u = 20 + -14. Suppose -c - 60 = -u*c. Is 4 a factor of c?
True
Suppose 0 = 3*t + 9, -6*f = -2*f - 3*t - 29. Suppose -f*v + 10 = -0*v. Suppose 7*d - v*d = 70. Is d a multiple of 7?
True
Let j be 2/9 - 1076/(-18). Let o = j - -3. Let w = o + -31. Is w a multiple of 16?
True
Let a be -4*-2*(-2)/(-8). Suppose -w = 3*k + 2*k - 243, -2*k - a*w = -94. Does 12 divide k?
False
Suppose 132 = 3*a - 5*x, 0 = -5*a - 4*x + 80 + 103. Is 13 a factor of a?
True
Let h(f) = 2*f**2 - 4*f - 4. Let t be 0/(-3) + 33/3. Suppose 16 = 2*b - 3*z - t, z - 1 = -b. Is h(b) a multiple of 16?
False
Let s be 2*(3 - 2/4). Suppose 3*j - 34 = -n, n = -n - s*j + 68. Is n a multiple of 11?
False
Is (50/(1 + 4))/((-2)/(-6)) a multiple of 5?
True
Does 4 divide 14/(-35)*(1 + -21)?
True
Let c = 296 + -171. Is c a multiple of 25?
True
Let j(r) = -r**2 + 7*r + 3. Let b be j(7). Suppose 0 = -2*y + 2*o + o + 66, -99 = -3*y - b*o. Is y a multiple of 11?
True
Let r = -3 - -8. Let i = r - 5. Suppose -j = -5*h + 59, h + i*j = -3*j + 15. Does 12 divide h?
True
Let a(v) = -v**3 + v + 5. Let i be a(0). Let p be 4 + (-6)/(2 - i). Suppose -p = -2*w - 0. Is w even?
False
Let t(j) = -j - 6. Let u be t(-4). Let v(n) = -4*n**3 - 2*n**2 - 2*n. Is 14 a factor of v(u)?
True
Let k be (3 - 1)/(2/4). Let c be 6/k + (-27)/2. Is 2 a factor of -1 + c/(2*-1)?
False
Suppose -l - 6 = -22. Does 7 divide l?
False
Let w = 6 + 129. Is w a multiple of 23?
False
Suppose 2 - 1 = -2*w + 5*o, -5*w - 5*o + 15 = 0. Suppose -h + 5*f + 30 = 0, 0 = -w*h - f + 3 + 2. Let b = 8 - h. Is 2 a factor of b?
False
Suppose 0 = 2*k - 3 - 17. Is 3 a factor of k?
False
Let m(f) = -f**2 - 10*f + 7. Let r = 18 + -27. Is 16 a factor of m(r)?
True
Suppose 14 = -2*m + 198. Suppose -o + 5*c = 1, 2*o + m = 6*o + 4*c. Is o a multiple of 9?
False
Let y(q) = 0*q**2 + q**2 + 14 + 0*q**2 + 6. Is y(0) a multiple of 10?
True
Suppose 4*f - q = 25, -3*f - q + 24 = -0*f. Is f a multiple of 2?
False
Suppose -3*u + 49 = k, -2*u + 21 = 5*k - 2*k. Is 4 a factor of u?
False
Suppose b = w + 26 + 12, -2*w = 6. Is b a multiple of 18?
False
Let c be (8/(-2))/((-2)/9). Suppose -2*w + 119 = w - z, c = w + 4*z. Is 12 a factor of w?
False
Suppose -5*p = -5*n - 80, 0*p - 10 = -p + 4*n. Does 9 divide p?
True
Let f(z) = 9*z - z**3 + 1 + 18*z**2 - 8 - 28*z**2. Is f(-11) a multiple of 15?
True
Let q(s) = 6*s. Let v be q(-3). Let f(w) = -w**2 - 8*w - 16. Let r be f(-7). Let p = r - v. Is 6 a factor of p?
False
Suppose r - 5 = 6. Let v = r + -2. Does 9 divide v?
True
Let x(w) = 5*w - 6. Does 24 divide x(6)?
True
Suppose 2*y = 5*r, 0 = -3*r - y - y - 16. Let p be (0 - 0/r)*-1. Suppose 0 = -p*o + 5*o + j - 101, -3*j - 12 = 0. Is 16 a factor of o?
False
Let z = 10 + 1. Let x = -17 + 22. Let y = z - x. Does 3 divide y?
True
Suppose 2*y + 23 = 71. Is y a multiple of 12?
True
Suppose -5*d + 9 = -11. Let r(k) = -k**2 + 7*k - 6. Does 3 divide r(d)?
True
Let p(x) = x**2 + 15*x + 12. Let q be (18 - 3)/(2/(-2)). Is 12 a factor of p(q)?
True
Suppose -3*k = -0*k - 72. Does 23 divide k?
False
Suppose -2*f + 2 = 0, 0 = -3*j - f + 10 - 0. Suppose j = q - 6. Does 3 divide q?
True
Let c = -190 - -460. Suppose -8*m + 3*m + c = 0. Suppose -41 = 5*s - 3*z - 158, 0 = 2*s - 3*z - m. Does 7 divide s?
True
Let a = 37 - 26. Does 4 divide a?
False
Let i(w) = w. Is 7 a factor of i(20)?
False
Suppose -18*m = 41 - 2525. Does 69 divide m?
True
Suppose 3*v - 9 = 12. Let c(k) = -k + 11*k - 4 - k**2 + 0. Is 17 a factor of c(v)?
True
Let h be (-21)/(-1) - -1 - -3. Let z = h - 8. Is z a multiple of 17?
True
Let d(j) = -2*j**2 - 2*j + 7. Let x be d(3). Let y(t) = -t**3 - 16*t**2 + 16*t - 5. Is y(x) a multiple of 7?
False
Suppose -5*j + 26 = -2*h + 3*h, 3*j + 2*h - 17 = 0. Suppose -2*v - 3*f = 5, 0*v - 50 = -j*v + 5*f. Is 5 a factor of v?
True
Let n(j) = -7 - j**2 + j**3 + 9*j + 7*j**2 + 5*j**2. Does 17 divide n(-9)?
False
Let m(x) = -x**3 - 7*x**2 + 8*x - 9. Suppose 2*w + 14 = -g, 5*w + 0*g + 42 = g. Let v be m(w). Does 4 divide 1 - (0 - v/(-3))?
True
Suppose 11*c - 2*m = 6*c + 19, c + 5*m = -7. Let l(p) = 2*p + 5. Let y be l(0). Suppose c*a = -a - 5*o + 36, 48 = 2*a - y*o. Does 14 divide a?
True
Is 42 a factor of (3/12 - (-995)/4) + 3?
True
Let y be (-1)/((-3)/(-168)) + -2. Let m = -8 - y. Is m a multiple of 13?
False
Let u(i) = 56*i**3 - 2*i + 1. Does 11 divide u(1)?
True
Let b = -95 - -139. Is b a multiple of 13?
False
Let k(p) be the first derivative of -2*p**2 - 10*p + 7. Is 3 a factor of k(-6)?
False
Suppose -4*r = -5*r - 955. Is (-2)/9 - r/45 a multiple of 10?
False
Let q(r) = -r**3 - 3*r**2 + 6*r + 3. Let u be q(-4). Let t(p) = -p**3 - 4*p**2 + p - 2. Does 9 divide t(u)?
True
Let c(b) = -b**3 + b**2 - 2*b + 4. Let p be c(-3). Let i = -4 + p. Is 10 a factor of i?
False
Let z(s) = 3*s**2 - 4*s - 20. Does 31 divide z(10)?
False
Let t = 14 + -8. Let i = t - 4. Is i a multiple of 2?
True
Suppose 0 = -0*d + 2*d + 2. Let l be 1 + 1*(d - -4). Suppose 5 + 27 = l*r. Is r a multiple of 7?
False
Suppose 5*v + 15 = 3*v - 3*w, 0 = -w - 3. Let c = 17 + v. Does 11 divide c?
False
Suppose 6*z - 2*z = 4*u - 232, -5*z + 130 = 2*u. Does 10 divide u?
True
Let j(i) = 8*i - 22. Is j(6) a multiple of 13?
True
Let o be ((-2)/1)/((-14)/35). Let w = 4 - o. Is 13 a factor of 26/(-4)*w*4?
True
Let n(j) = j**2 + 3*j + 2. Is 10 a factor of n(-6)?
True
Let z(b) = -14*b + 26. Is z(-9) a multiple of 24?
False
Let y(t) = 3*t**3 - 10*t**2 - 4*t - 3. Is 32 a factor of y(5)?
False
Let j be 24 - -2 - 3*(-8)/12. Let c = 5 + -2. Suppose 2*n + x = 41, c - j = -n - 5*x. Does 10 divide n?
True
Suppose n + 3*s + 166 + 559 = 0, -n - 725 = 2*s. Does 7 divide 1/(-6) - n/30?
False
Let y(i) = -i**3 + 5*i**2 - i + 4. Let b be y(5). Let z(w) = 4*w**3 + w**2 - 1. Let p be z(b). Does 4 divide 17/4 + p/16?
True
Let a(l) = 15*l + 3. Let i(k) = -k - 2. Let c be i(-6). Is 21 a factor of a(c)?
True
Let q = -3 + 21. Let k = q + -11. Does 2 divide k?
False
Suppose 123 = 3*s - 102. Does 14 divide s?
False
Let g(z) = -13*z + 8. Does 30 divide g(-4)?
True
Suppose -2*u - 2*u + 16 = 0. Suppose 0 = y - c + 2*c - 28, u*y - 4*c = 80. Is y a multiple of 6?
True
Suppose 119 = 3*z + 2*t, -3*z + 191 - 74 = 3*t. Let g = -11 + z. Is g a multiple of 10?
True
Does 14 divide 10/((-39)/21 + 2)?
True
Let q = 16 + 63. Let w = -55 + q. Is 24 a factor of w?
True
Let p be (-18)/(-7)*(-14)/(-3). Suppose -32 = -4*z + p. Is 11 a factor of z?
True
Let g(l) = 11*l + 2. Let m be g(3). Let w = -10 + 10. Suppose f - 3*k = m, w = 4*f - k - k - 130. Is f a multiple of 16?
True
Let f(g) = 44*g - 3. Does 22 divide f(2)?
False
Suppose 5 = -3*a - 1. Is 3 a factor of 12*2/((-8)/a)?
True
Let b(r) = -2*r**3 + 5*r**2 + 4*r + 3. Does 39 divide b(-4)?
True
Suppose -o = -5*o + 12. Suppose -5*t - 5 = o*m + 4, 3*t + 17 = 4*m. Suppose m*v - 4*v + 40 = 0. Is v a multiple of 10?
True
Suppose a + 2 - 4 = 0. Does 8 divide (a/(-4))/(4/(-64))?
True
Suppose 2*q + 4*m - 168 = 156, 482 = 3*q + 5*m. Is q a multiple of 42?
False
Let b be 2/4 + 18/4. Suppose -8 = v + 4*h, 0 = b*v + 2*h + 5 - 1. Does 14 divide (v + 52)*2/4?
False
Let u(p) = 2*p**2 - 1. Is u(2) a multiple of 7?
True
Let x = 87 - 55. Let s = x - 22. Does 4 divide s?
False
Let h = 1220 - 285. Is 15 a factor of h/45 + (-4)/(-18)?
False
Let p = 5 - 1. Let f = p - -6. Does 6 divide f?
False
Let j = -8 + 10. Let b = 7 - 3. Suppose p + 4*p - j*y = 75, 60 = b*p - 2*y. Is p a multiple of 5?
True
Let z = -6 - -8. Suppose z*s = 6 + 12. Is 9 a factor of s?
True
Suppose 720 = 2*z + 8*z. Is z a multiple of 11?
False
Let a(u) = 2*u + 2 - 8*u - u + 1. Does 23 divide a(-4)?
False
Let m(h) = -h**2 + 9*h + 13. Let o be m(10). Suppose -o*n = -2*n - 42. Is 14 a factor of n?
True
Let i = -4 - -10. Suppose i*m = m + 95. Is m a multiple of 7?
False
Let l(t) = -t**2 - 7*t + 6. Is l(-6) a multiple of 4?
True
Let t = 7 - -2. Suppose f - t = 25. Does 17 divide f?
True
Suppose 0 = m - 99 + 27. Is m a multiple of 18?
True
Let w = -5 + 8. Let a(p) = -p**2 - p**3 + 5 + p**3 + p**w. Is a(0) a multiple of 4?
False
Suppose -2*d + 44 - 12 = 0. Is d a multiple